{"id":42,"date":"2016-09-01T15:33:50","date_gmt":"2016-09-01T13:33:50","guid":{"rendered":"http:\/\/fuerte-fitness.de\/?page_id=42"},"modified":"2016-09-15T17:55:32","modified_gmt":"2016-09-15T15:55:32","slug":"job-boerse","status":"publish","type":"page","link":"https:\/\/fuerte-fitness.de\/index.php\/job-boerse\/","title":{"rendered":"Job B\u00f6rse"},"content":{"rendered":"<h2>[huge_it_slider id=&#8221;6&#8243;]<\/h2>\n<h2>Job B\u00f6rse f\u00fcr Personal Trainer<\/h2>\n<p style=\"text-align: justify;\">Wollen Sie Ihren Beruf als Personal Trainer in einer Hotelanlage im S\u00fcden aus\u00fcben und dort arbeiten, wo andere Urlaub machen? Dann sind Sie in unserem Team genau richtig. Fuerte Fitness arbeitet seit Jahren sehr erfolgreich im Bereich Personal Training. Unsere Top ausgebildeten Trainer bieten G\u00e4sten im Urlaub ein exklusives, motivierendes 1:1 Training. Dabei sind alle Fitness Level zu bedienen. Vom Einsteiger bis zum Fortgeschrittenen.<\/p>\n<h2>Ausbildungen<\/h2>\n<p style=\"text-align: justify;\">Diplom Sportlehrer\/ Sportwissenschaftler oder Sportstudent mit Vordiplom oder Sport und Gymnastiklehrerausbildung oder Physiotherapie und \/ oder Medizinische Trainingstherapie oder Sporttherapieausbildung oder MASTER Fitness Trainer oder MASTER Personal Trainer des Dr.Gottlob Instituts<\/p>\n<h2>Anforderungsprofil<\/h2>\n<p style=\"text-align: justify;\">Fundierte Erfahrungen im Personal Trainingsbereich. Routinierte Durchf\u00fchrung von Laktatdiagnostiken und dazugeh\u00f6rige Trainingsplanung (Ausbildungsnachweis erforderlich). Kenntnisse im Fitnesstraining an Ger\u00e4ten und Maschinen unabh\u00e4ngigen Krafttraining (Trainer B-Lizenz oder 2 j\u00e4hrige Erfahrung als Betreuer auf der Trainingsfl\u00e4che eines Fitness Studios)<br \/>\nGutes Wissen im Bereich Ern\u00e4hrungsberatung.<\/p>\n<p>Vorteilhaft: Erfahrung im Erteilen von Kursen<\/p>\n<h2>Vielf\u00e4ltige Aufgaben warten auf Sie:<\/h2>\n<ul>\n<li><span style=\"color: #c20000;\">Planung und Durchf\u00fchrung von qualitativ hochwertigen Personal Trainingseinheiten mit vorheriger Anamnese<\/span><\/li>\n<li><span style=\"color: #c20000;\">Leistungsdiagnostik Checks<\/span><\/li>\n<li><span style=\"color: #c20000;\">Erstellen von Trainingspl\u00e4nen<\/span><\/li>\n<li><span style=\"color: #c20000;\">Selbst\u00e4ndige Akquise von neuen Kunden<\/span><\/li>\n<li><span style=\"color: #c20000;\">Kommunikation mit den G\u00e4sten und Motivation der Kunden zur Erreichung ihrer Ziele<\/span><\/li>\n<li><span style=\"color: #c20000;\">Aktive Beteiligung an Clubaktionen<\/span><\/li>\n<li><span style=\"color: #c20000;\">Eigenverantwortliches, vorausschauendes Arbeiten mit flexiblen Arbeitszeiten<\/span><\/li>\n<li style=\"text-align: justify;\"><span style=\"color: #c20000;\">Hohes Ma\u00df an positiver Ausstrahlung, Zuverl\u00e4ssigkeit und Teamf\u00e4higkeit<\/span><\/li>\n<\/ul>\n<p style=\"text-align: justify;\">Haben wir Ihr Interesse geweckt? Dann freuen wir uns auf Ihre vollst\u00e4ndigen Bewerbungsunterlagen mit Ganzk\u00f6rperfoto, idealerweise als Onlinebewerbung unter <a href=\"mailto:info@fuerte-fitness.de\">info@fuerte-fitness.de<\/a><\/p>\n<div id=\"dc_vk_code\" style=\"display: none;\"><\/div>\n","protected":false},"excerpt":{"rendered":"<p>[huge_it_slider id=&#8221;6&#8243;] Job B\u00f6rse f\u00fcr Personal Trainer Wollen Sie Ihren Beruf als Personal Trainer in einer Hotelanlage im S\u00fcden aus\u00fcben und dort arbeiten, wo andere Urlaub machen? Dann sind Sie in unserem Team genau richtig. Fuerte Fitness arbeitet seit Jahren sehr erfolgreich im Bereich Personal Training. Unsere Top ausgebildeten Trainer bieten G\u00e4sten im Urlaub ein [&hellip;]<\/p>\n","protected":false},"author":1,"featured_media":0,"parent":0,"menu_order":0,"comment_status":"closed","ping_status":"closed","template":"","meta":{"footnotes":""},"_links":{"self":[{"href":"https:\/\/fuerte-fitness.de\/index.php\/wp-json\/wp\/v2\/pages\/42"}],"collection":[{"href":"https:\/\/fuerte-fitness.de\/index.php\/wp-json\/wp\/v2\/pages"}],"about":[{"href":"https:\/\/fuerte-fitness.de\/index.php\/wp-json\/wp\/v2\/types\/page"}],"author":[{"embeddable":true,"href":"https:\/\/fuerte-fitness.de\/index.php\/wp-json\/wp\/v2\/users\/1"}],"replies":[{"embeddable":true,"href":"https:\/\/fuerte-fitness.de\/index.php\/wp-json\/wp\/v2\/comments?post=42"}],"version-history":[{"count":6,"href":"https:\/\/fuerte-fitness.de\/index.php\/wp-json\/wp\/v2\/pages\/42\/revisions"}],"predecessor-version":[{"id":216,"href":"https:\/\/fuerte-fitness.de\/index.php\/wp-json\/wp\/v2\/pages\/42\/revisions\/216"}],"wp:attachment":[{"href":"https:\/\/fuerte-fitness.de\/index.php\/wp-json\/wp\/v2\/media?parent=42"}],"curies":[{"name":"wp","href":"https:\/\/api.w.org\/{rel}","templated":true}]}}